{"id":2,"date":"2026-04-08T19:31:59","date_gmt":"2026-04-08T16:31:59","guid":{"rendered":"https:\/\/rakennusjaremontointi.fi\/?page_id=2"},"modified":"2026-04-08T19:31:59","modified_gmt":"2026-04-08T16:31:59","slug":"sample-page","status":"publish","type":"page","link":"https:\/\/rakennusjaremontointi.fi\/","title":{"rendered":"Kotisivu"},"content":{"rendered":"\n<p><\/p>\n\n\n\n<p><\/p>\n\n\n\n<p><strong>Luotettava rakennusalan asiantuntija<\/strong><\/p>\n\n\n\n<p>Suunnittelu, valvonta ja konsultointi \u2013 laadukkaasti alusta loppuun.<\/p>\n\n\n\n<p><strong>Tietoa<\/strong><\/p>\n\n\n\n<p>Olen rakennusalan asiantuntija, jolla on vahva kokemus erilaisten hankkeiden suunnittelusta ja toteutuksesta.<\/p>\n\n\n\n<p>Toimintamme perustuu luotettavuuteen, laatuun ja asiakasl\u00e4ht\u00f6isyyteen.<\/p>\n\n\n\n<p>Yhteisty\u00f6kumppaniemme kanssa my\u00f6s kokonaisratkaisut rakennusprojektillesi.<\/p>\n\n\n\n<p><strong>Miksi valita meid\u00e4t<\/strong><\/p>\n\n\n\n<ul class=\"wp-block-list\">\n<li>Vankka kokemus rakennusalalta<\/li>\n\n\n\n<li>Selke\u00e4 ja l\u00e4pin\u00e4kyv\u00e4 toimintatapa<\/li>\n\n\n\n<li>Aikataulussa ja budjetissa pysyminen<\/li>\n\n\n\n<li>Asiakasl\u00e4ht\u00f6inen palvelu<\/li>\n<\/ul>\n\n\n\n<p><strong>Palvelumme (lyhyesti)<\/strong><\/p>\n\n\n\n<p>Tarjoamme kattavat rakennusalan asiantuntijapalvelut:<\/p>\n\n\n\n<ul class=\"wp-block-list\">\n<li>Rakennuttajakonsultointi<\/li>\n\n\n\n<li>Ty\u00f6maavalvonta<\/li>\n\n\n\n<li>Suunnittelun ohjaus<\/li>\n\n\n\n<li>Kustannuslaskenta<\/li>\n<\/ul>\n\n\n\n<p><strong>PALVELUT<\/strong><\/p>\n\n\n\n<p><strong>Rakennuttajakonsultointi<\/strong><\/p>\n\n\n\n<p>Autamme rakennushankkeen suunnittelussa ja l\u00e4pivienniss\u00e4 alusta loppuun. Varmistamme, ett\u00e4 projekti etenee sujuvasti ja tavoitteiden mukaisesti.<\/p>\n\n\n\n<ul class=\"wp-block-list\">\n<li>Rakennuslupaprosessit<\/li>\n\n\n\n<li>Rakennusty\u00f6maan johtaminen<\/li>\n<\/ul>\n\n\n\n<p><strong>Ty\u00f6maavalvonta<\/strong><\/p>\n\n\n\n<p>Valvomme ty\u00f6n laatua, aikatauluja ja kustannuksia. Huolehdimme, ett\u00e4 toteutus vastaa suunnitelmia ja m\u00e4\u00e4r\u00e4yksi\u00e4.<\/p>\n\n\n\n<p><strong>Suunnittelun ohjaus<\/strong><\/p>\n\n\n\n<p>Koordinoimme suunnittelua ja varmistamme eri osapuolten yhteisty\u00f6n.<\/p>\n\n\n\n<p><strong>Kustannuslaskenta<\/strong><\/p>\n\n\n\n<p>Tarjoamme tarkat kustannusarviot ja autamme budjetin hallinnassa.<\/p>\n\n\n\n<p><strong>Yhteydenotto<\/strong><\/p>\n\n\n\n<p>Tarvitsetko apua projektiisi?<\/p>\n\n\n\n<p>Ota yhteytt\u00e4 \u2013 autamme mielell\u00e4mme.<\/p>\n\n\n\n<p><strong>YHTEYSTIEDOT<\/strong><\/p>\n\n\n\n<figure class=\"wp-block-image size-large is-resized\"><img loading=\"lazy\" decoding=\"async\" width=\"1024\" height=\"683\" src=\"https:\/\/rakennusjaremontointi.fi\/wp-content\/uploads\/2026\/03\/Rakennussuunnittelu-Jalkanen-logo-1024x683.png\" alt=\"\" class=\"wp-image-13\" style=\"aspect-ratio:1.4992874769733413;object-fit:cover;width:405px;height:auto\" srcset=\"https:\/\/rakennusjaremontointi.fi\/wp-content\/uploads\/2026\/03\/Rakennussuunnittelu-Jalkanen-logo-1024x683.png 1024w, https:\/\/rakennusjaremontointi.fi\/wp-content\/uploads\/2026\/03\/Rakennussuunnittelu-Jalkanen-logo-300x200.png 300w, https:\/\/rakennusjaremontointi.fi\/wp-content\/uploads\/2026\/03\/Rakennussuunnittelu-Jalkanen-logo-768x512.png 768w, https:\/\/rakennusjaremontointi.fi\/wp-content\/uploads\/2026\/03\/Rakennussuunnittelu-Jalkanen-logo-750x500.png 750w, https:\/\/rakennusjaremontointi.fi\/wp-content\/uploads\/2026\/03\/Rakennussuunnittelu-Jalkanen-logo.png 1536w\" sizes=\"auto, (max-width: 767px) 89vw, (max-width: 1000px) 54vw, (max-width: 1071px) 543px, 580px\" \/><\/figure>\n\n\n\n<p><strong>Rakennussuunnittelu Jalkanen<\/strong><\/p>\n\n\n\n<p>Olli-Pekka Jalkanen, rkm<\/p>\n\n\n\n<p>Puhelin: 0400 157771<\/p>\n\n\n\n<p>S\u00e4hk\u00f6posti: info@hinkkalantila.com<br><\/p>\n","protected":false},"excerpt":{"rendered":"<p>Luotettava rakennusalan asiantuntija Suunnittelu, valvonta ja konsultointi \u2013 laadukkaasti alusta loppuun. Tietoa Olen rakennusalan asiantuntija, jolla on vahva kokemus erilaisten hankkeiden suunnittelusta ja toteutuksesta. Toimintamme perustuu luotettavuuteen, laatuun ja asiakasl\u00e4ht\u00f6isyyteen. Yhteisty\u00f6kumppaniemme kanssa my\u00f6s kokonaisratkaisut rakennusprojektillesi. Miksi valita meid\u00e4t Palvelumme (lyhyesti) Tarjoamme kattavat rakennusalan asiantuntijapalvelut: PALVELUT Rakennuttajakonsultointi Autamme rakennushankkeen suunnittelussa ja l\u00e4pivienniss\u00e4 alusta loppuun. Varmistamme, ett\u00e4 &hellip; <\/p>\n<p class=\"link-more\"><a href=\"https:\/\/rakennusjaremontointi.fi\/\" class=\"more-link\">Continue reading<span class=\"screen-reader-text\"> &#8220;Kotisivu&#8221;<\/span><\/a><\/p>\n","protected":false},"author":1,"featured_media":27,"parent":0,"menu_order":0,"comment_status":"closed","ping_status":"closed","template":"","meta":{"footnotes":""},"class_list":["post-2","page","type-page","status-publish","has-post-thumbnail","hentry"],"_links":{"self":[{"href":"https:\/\/rakennusjaremontointi.fi\/index.php?rest_route=\/wp\/v2\/pages\/2","targetHints":{"allow":["GET"]}}],"collection":[{"href":"https:\/\/rakennusjaremontointi.fi\/index.php?rest_route=\/wp\/v2\/pages"}],"about":[{"href":"https:\/\/rakennusjaremontointi.fi\/index.php?rest_route=\/wp\/v2\/types\/page"}],"author":[{"embeddable":true,"href":"https:\/\/rakennusjaremontointi.fi\/index.php?rest_route=\/wp\/v2\/users\/1"}],"replies":[{"embeddable":true,"href":"https:\/\/rakennusjaremontointi.fi\/index.php?rest_route=%2Fwp%2Fv2%2Fcomments&post=2"}],"version-history":[{"count":31,"href":"https:\/\/rakennusjaremontointi.fi\/index.php?rest_route=\/wp\/v2\/pages\/2\/revisions"}],"predecessor-version":[{"id":134,"href":"https:\/\/rakennusjaremontointi.fi\/index.php?rest_route=\/wp\/v2\/pages\/2\/revisions\/134"}],"wp:featuredmedia":[{"embeddable":true,"href":"https:\/\/rakennusjaremontointi.fi\/index.php?rest_route=\/wp\/v2\/media\/27"}],"wp:attachment":[{"href":"https:\/\/rakennusjaremontointi.fi\/index.php?rest_route=%2Fwp%2Fv2%2Fmedia&parent=2"}],"curies":[{"name":"wp","href":"https:\/\/api.w.org\/{rel}","templated":true}]}}